-2).
-1
What is -8 + -2 + (-1 - -1) - (-49 + 41)?
-2
What is the value of -6 - ((5 - (-16 - -9)) + -34)?
16
What is -62 + 128 - 50 - (1 + 4)?
11
Calculate 1120 + -1128 - ((-3 - 30) + 1 - 3).
27
Evaluate (-349 - -346) + (-24 - -3 - 2).
-26
What is -3 + 18 + 0 - (-9 + 16 + -13)?
21
What is (41 + -110 - -38) + 2?
-29
What is the value of -362 + 376 + 1 + -10 + 3?
8
What is the value of (2 - 1) + 9 - (-62 + 49)?
23
What is -33 - (24 + -18 + -18)?
-21
Evaluate -30 + 2 - (55 + -72).
-11
Calculate 13 + (6 + (-6 - -7) - 18) + 5.
7
(-2 - (1 + 2)) + (8 - (3 + -12))
12
2 + (1 - (-7 + (-7 - -5)))
12
What is the value of -7 + (-4 - -6) - -4?
-1
Evaluate 0 - (-2 + 21 - 20).
1
Calculate -28 + 1 + (-1 - -2) + (-1 - -8).
-19
What is 37 + -46 - -39 - 5?
25
18 + -8 - (48 + -33)
-5
What is the value of -5 + (4 - 1 - (55 + -69))?
12
What is the value of (-6 - -12 - (-3 + 7 - -1)) + -21?
-20
What is the value of 3 + -9 + 16 - (-4 - -23)?
-9
What is the value of 1 - 23 - (-4 - ((10 - -4) + -14))?
-18
What is 13 + -1 - 14 - (3 + -5 + -4)?
4
Calculate 10 + (0 - (9 + -9) - -4).
14
Calculate -1 + 2 + (3 - 1 - -4) + -14.
-7
-10 + -7 + -1 + (-2 - (-2 + -7))
-11
1 + (3 - 13) - (-42 - -38)
-5
What is the value of 1089 + -1084 + -15 + -1?
-11
What is the value of 1 + 35 - ((-27 - -6) + -7 - -31)?
33
What is -5 + -2 + -1 + (-5 - -9) + -9?
-13
Evaluate (-146 - -157) + (1 - 15) + -8.
-11
What is the value of (-35 - -2) + 54 + -12?
9
Evaluate 49 + -53 + 5 + -1.
0
What is -178 + 159 + (-2 - -35)?
14
Calculate 0 + 3 + 0 + -5 + (15 - 12).
1
-23 + 37 + 4 + (1 - -2) - 7
14
What is 16 - 9 - 16 - (-5 + -2)?
-2
Evaluate -20 - (-31 + -1) - 37.
-25
Evaluate 1 + (-5 - -3) + -10 - (50 + -55).
-6
What is -6 - (5 + 0) - (-14 - (6 + -16))?
-7
(-15 - (-13 + 6)) + (-72 - -63)
-17
Calculate 3 - (-7 - (-20 + 5 - -5) - 4).
4
Evaluate 1 - (5 - -2 - (-8 - -4)).
-10
What is -35 + 1 + 15 + 43?
24
What is -15 + 14 + -6 + 7 + 5?
5
Evaluate 34 + 0 - (497 - 489).
26
Evaluate (-2 + 2 - -4 - 2) + 2.
4
What is 12 + (24 - 2 - 4 - (100 - 102))?
32
Evaluate (6 - (10 - 1 - 3)) + (-11 - 1).
-12
-16 + -12 + -4 + 10 - (-3 - 4)
-15
Calculate -21 + (-7 - (46 - 48)).
-26
Calculate -5 + (-3 - (-5 - (-25 - -11))).
-17
What is the value of -7 + (11 - (5 - 16) - -14)?
29
15 + -17 + (14 - 10) + 20
22
Evaluate (-15 - 0 - -4) + 12.
1
Evaluate 34 - (6 + (10 - 6)).
24
Evaluate -1 - (0 - (65 + -71 - (2 - 22))).
13
Calculate 473 + -456 - (0 + 18).
-1
What is the value of (-7 - (-10 - 4)) + (-25 - (-2 + 5))?
-21
2 + -15 + -1 + -1 + 15
0
Evaluate 13 - ((-17 - -19) + (-1 - 13)).
25
What is (28 - -4) + 3 + -37?
-2
Calculate (2 - 2) + 1 - (6 + (-10 - -3)).
2
Evaluate 13 - (1 + 16 + 38 + -41).
-1
Calculate (43 - 63) + 19 + 4 + 0.
3
Calculate 14 - 7 - -2 - (-4 - -12).
1
What is (7 - 8) + (-4 - (-4 - 3)) - 14?
-12
What is 18 + (-13 - -11 - 24)?
-8
0 + (9 - 7) + -13 + 10
-1
What is -14 + -3 + 3 + 2?
-12
Calculate 0 + -3 + -20 + (1 - (-5 + 3)).
-20
What is 1132 - 1166 - (-1 + -10)?
-23
-4 + (-5 + 17 - -1) + -5 + -2
2
What is -6 - (-18 + 10 + 13 - (3 - 1))?
-9
What is the value of 11 - -20 - 16 - 3?
12
Evaluate -14 - ((-22 - -13) + 3 - 10).
2
Evaluate (9 + -32 - -31) + 9.
17
Calculate -8 - ((-8 + 8 + 4 - -4) + -14).
-2
0 + 1 + -13 + 14 + (-19 - -9)
-8
7 + 7 - (2 - 1)
13
What is the value of -7 + 10 - (-8 + 8 + 1)?
2
Evaluate (10 - -1) + (90 - 89).
12
Calculate (-39 - (-7 - 28)) + 4.
0
Evaluate 0 + -5 + 9 + 5 - 4.
5
(3 + -1 - (-5 - -3 - 32)) + -9
27
What is the value of (-2 + 7 + -4 - 22) + (28 - 19)?
-12
What is (-19 - -1) + (79 - 73)?
-12
What is the value of 1 + (-5 + 9 - 32)?
-27
(11 + -8 - 1) + -9 - (-1 + -24)
18
What is 2 - (0 + -8 - ((4 - -10) + -4))?
20
Evaluate -2 + -3 + 7 + -8 + -5 + -13.
-24
0 + -3 + (-5 - (5 - 17)) + 7
11
Evaluate 69 + -66 - (-4 - ((1 - -5) + -43)).
-30
Calculate -5 + -1 - (1 + (36 - 53)).
10
Evaluate 5 - 1 - (-5 + 5 + -5).
9
What is the value of (0 - -11) + (-178 - -157)?
-10
(-3 - (-2 - -15) - -4) + 14
2
Calculate 6 - (-12 - (0 + -9 + 12)).
21
What is the value of -1 - (-19 - -13 - (4 - 4))?
5
What is -2 + (3 - 5) + (-12 + -8 - -11)?
-13
Calculate -2 - -9 - (-13 - (14 - 31)).
3
What is -12 + -13 + -1 + 14?
-12
(8 + -4 - -1) + 7 + 4 + -2
14
-36 - -4 - (6 + (-21 - -8))
-25
What is (-7 - -19) + (2 - -1) + 1 + 4?
20
Calculate -5 + 1 - (-2340 + 2376).
-40
Evaluate 34 - (-12 + 11 + 27).
8
13 - ((3 - 14) + 17) - -12
19
What is the value of -2 + 4 + -25 + 20 + (3 - 0)?
0
-18 - -1 - (-18 - (13 + -24))
-10
What is -18 - (1 + (6 - 16)) - -7?
-2
Calculate -4 - 19 - -7 - (25 - 34).
-7
Calculate -16 + (5 - (4 - 21)).
6
What is the value of (-6 - -8) + -15 - (-2 + 1 - 4)?
-8
Calculate (0 - -35) + -66 + 26.
-5
What is the value of 0 - -20 - ((-7 - -15) + 3)?
9
What is -5 - (4 + (5 - 5) + -6)?
-3
-16 - 2 - (-60 - -43)
-1
Evaluate (-7 + 10 - 8) + 3 - 4.
-6
Evaluate 13 - 1 - (-3 - (20 - 65)).
-30
Calculate 3 + (2 - (-5 - (-3 + -6))).
1
What is the value of -8 + (-3 - -12 - 7) + -13?
-19
19 + (-6 - (-9 + 10) - -12) + -2
22
What is the value of (-47 - -76 - 29) + -1?
-1
What is -3 - 3 - ((6 - 4) + -5 + 2)?
-5
12 + -2 - 6 - (3 - 5 - -4)
2
What is the value of 10 + -20 + -11 + 16?
-5
What is -12 - (2 + -2 + (-2 - -10))?
-20
What is the value of 5 + 11 + (19 - 40)?
-5
What is (7 - -2) + -1 - (44 + -31)?
-5
Evaluate 3 + (-15 + 2 - (0 + -4)) + 26.
20
Calculate -8 - -1 - -3 - (-33 + 7) - 2.
20
What is -9 + 24 + (15 - 21) - -1?
10
What is -7 + 14 + -1 + -3?
3
Evaluate -15 + -10 + -18 - -23.
-20
Evaluate 16 - (45 - (30 - 12)).
-11
Evaluate -10 + -5 + -27 + 27.
-15
What is the value of -8 + 17 + 16 - 11 - -17?
31
What is -2 + (5 - (3 - -2) - -6)?
4
What is (6 - -2) + 1 + -8 - (6 - -14)?
-19
Evaluate (-15 - (-5 - 7 - -5)) + (-9 - -2).
-15
Evaluate -5 + -31 + (4 + 22 - 15).
-25
Evaluate 38 - (56 - (-2 - -32)).
12
What is 19 - 1 - 9 - (-2 - (-2 - -1))?
10
1 + (6 - (0 + (-6 - -41)))
-28
What is -2 + (-13 - (3 - 8 - -4) - -5)?
-9
What is 4 + 6 + -12 + (19 - 5 - 6)?
6
Calculate (8 - (19 + -11)) + -9 + 2.
-7
Calculate (5 + -8 - -6) + (-7 - -18 - -2).
16
What is the value of -38 + (-5 - (-24 + 10) - -9)?
-20
-21 + 1 - ((-62 - -35) + 34)
-27
Calculate 4 + (30 + (5 - 23) - (7 + 0)).
9
What is the value of 12 + -6 + 24 + -4?
26
(870 - 841) + 1 + -43
-13
2 + 8 - (-7 - (2 + -4 - 4))
11
Calculate (-1361 - -1368) + (-2 - -1 - 0).
6
Calculate 64 + -48 - (-15 - (8 + -3)).
36
Calculate (-664 - -674) + (-2 - (1 - 8)).
15
Evaluate 5 - 0 - (-3 - -1 - (4 - 8)).
3
What is the value of -1 + (18 - -19) + -44?
-8
Calculate (-23 - -12) + 12 + 3 + 8 + 2.
14
Calculate (9 + 4 - 10) + (-7 - -8).
4
14 - ((1 - 9) + (10 - -6))
6
What is 0 - -2 - 8 - (-1 + -3 + 7)?
-9
Evaluate ((5 - 3) + -14 - -15) + -24 + 3.
-18
(-4 - -12 - 0) + (-9 - 2 - -5)
2
What is -5 + (-12 - -48) + 8 + -12 + -4?
23
What is 29 - 31 - -31 - 16?
13
What is the value of 38 - ((43 - 4) + 21)?
-22
What is -12 + 14 + -9 + 4 + 16?
13
What is the value of (1 - (3 + 0)) + -346 + 322?
-26
What is -24806 + 24795 + (8 - -1 - (2 - 1))?
-3
Evaluate -33 + (15 + 2 - (-114 + 128)).
-30
Evaluate -25 + 1 - (112 + -121).
-15
Calculate 3 - -3 - (-44 - -51).
-1
Evaluate -41 + 27 + 23 - 30.
-21
What is -1 + -4 - ((-20 - 1) + 1)?
15
-13 + 25 + -14 + 21
19
Calculate (-24 - (-33 + 9)) + (-1 - -11).
10
What is the value of -53 + 19 + 12 - -22?
0
Calculate (0 - -14) + 573 + -597.
-10
What is (-6 - 1 - (-12 + -16 + 20)) + 5?
6
Evaluate -66 + 71 + -23 + 1.
-17
What is 20 + -2 - (28 - 5 - -23)?
-28
16 - ((-1 - -37) + -6)
-14
(-4 - 3) + 6 + 0 - -6 - -12
17
Calculate -46 - (-11 + -9 + -15).
-11
Calculate (31 - (0 - 1)) + (5 - 11) - 8.
18
What is -7 - (4 + -3) - -1 - (-4 - -5)?
-8
Evaluate 2 + (8 - -1) + -124 + 122.
9
Calculate (52 - 50 - (2 + -1 + 7)) + 1.
-5
What is the value of (-5 - (9 - (4 + 7))) + 4?
1
Calculate 1 + -18 + 15 + 7.
5
Calculate 2 + 5 - (-39 + 36).
10
Evaluate (8 - -1) + 60 + -65.
4
What is the value of (-2 - -6) + -5 - (-1 + 4) - -13?
9
Evaluate (-9 - -2) + (8 - -7).
8
3 - (-7 + 7 + -7) - 0 - 1
9
(6 - 9) + 12 - (1 + 9)
-1
What is 1 + -1 + 1 - (21 + -21) - -8?
9
What is the value of -5 + (86 + -82 - (6 - -1))?
-8
-3 + (11 - (4 + -9))
13
(5 - 9) + 7 - -20 - (9 + -2)
16
What is the value of 131 - 105 - (20 + -2)?
8
Evaluate -6 - (-22 + 1 - (-20 - (-24 + 3))).
16
(43 - 17 - 47) + 21
0
What is 12 - (-2 - -3 - (14 - 